-9)/(-45). Let r(g) = 13*g**2 - 23*g**2 + g + 9*g**2 + 1 - g - k*g. What is r(-5)?
1
Let z be (-2)/9 + 4*(-699)/54. Let j = 57 + z. Suppose 4*v + m = 3*v + 10, 8 = -2*v + j*m. Let u(i) = i**3 - 5*i**2 - 3*i + 3. What is u(v)?
21
Let u be 16/(-4)*(15/12)/1. Suppose 0*v + 3*v - 6 = 0. Let z(n) = -2 - n**2 + n**2 + n**v + 3*n. Give z(u).
8
Let f be (-14)/(550/(-22) + 23). Let u(t) be the third derivative of -t**5/60 + 7*t**4/24 - t**3/6 - 2*t**2. Calculate u(f).
-1
Let d(l) = -81*l**2 - 15*l + 29*l**2 + 16*l + 34*l**2 - 19*l - l**3 - 4. Calculate d(-17).
13
Let z(b) = -b**2 + 8*b + 6. Suppose 8 = -2*u, 3*i - 231*u + 234*u - 6 = 0. Calculate z(i).
18
Let w(a) = -11*a**2 + 75 - a**3 + 26 + 28*a**2 + 378*a - 415*a. What is w(15)?
-4
Let y(x) = x**3 + 20*x**2 + 22*x - 4. Let m = 22275 + -22294. Calculate y(m).
-61
Let y(f) = 1747*f - 3. Let u(r) = 1092*r - 2. Let w(z) = 8*u(z) - 5*y(z). Suppose -4*v - k = 0, 4*v - 8 = -0*k + k. Let x be 2 + 1/(v/(-9)). Give w(x).
-8
Let r = 26 - 22. Let k(x) = 5*x**2 - 3 + 2*x**2 - 2*x**3 + 4*x + 3*x**3 + r. Determine k(-6).
13
Let g(b) be the second derivative of 1/3*b**3 - 2*b**2 - b + 189. Give g(5).
6
Let b(i) = -1 - 4 - 1 + i + 3. Let a(l) = -5*l + 52. Let y(w) = -2*w + 25. Let v(z) = 4*a(z) - 9*y(z). Let d be v(-11). What is b(d)?
2
Let j(a) be the first derivative of -1/3*a**3 + 0*a**2 - 1/8*a**4 + 1/24*a**5 - 8 + 0*a - 1/360*a**6. Let f(l) be the third derivative of j(l). Give f(5).
-3
Suppose 144*y + 406 = -113 - 57. Let k(l) = -l**3 + l**2 + 4*l - 5. Give k(y).
59
Let d(m) = -m**3 - 4*m**2 + 25*m - 7. Let h(v) = -v**3 - 5*v**2 + 20*v - 7. Let f(p) = -3*d(p) + 4*h(p). Give f(-9).
29
Suppose 0 = -7*a + 2*a - 0 + 5. Let z(c) = 5*c**3 - 1 + 0*c**2 - c**2 + 2*c - c**2. Calculate z(a).
4
Let i(y) = -35 + 56 + 11*y - 7 - 39. Determine i(3).
8
Let f(l) be the first derivative of 9/2*l**2 + 7/3*l**3 + 1/4*l**4 + 0*l + 35. Determine f(-6).
-18
Let t(y) = -43*y - 29*y - 49 - 4 - 11 - 2*y**2. Calculate t(-35).
6
Let s(z) = 6*z + 146 - z - 320 + 3*z + 158. Give s(5).
24
Let c(t) be the first derivative of t**4/4 - 2*t**3 + 5*t**2/2 - 14*t - 843. Give c(6).
16
Let v(b) = 3*b**3 - 2*b**2 + b. Let d be v(1). Suppose 13*z + 15 = 18*z. Let m(w) = w**2 + 0 + z - 5*w - 4*w + 5*w. Determine m(d).
-1
Let q(f) = f**2 + 5*f - 1. Let c(m) = 4*m - 40. Suppose 2*r = -2*h + 16, -h + 34 = 2*r + 17. Let l be c(r). Determine q(l).
-5
Let b = 98 + -72. Suppose 19*x - b*x + 35 = 0. Let z(o) = 0 - o**2 + 0 + 2 + x*o - 7. Determine z(5).
-5
Let m be (-2)/(-8) - 10/8. Let s be 4/((-20)/(-25)) + 23984. Let c(v) = s - 23989 + 6*v. What is c(m)?
-6
Suppose -2*b - 4*h + 177 = -3*b, 5*b + 885 = -2*h. Let y = -177 - b. Let u(x) = x. What is u(y)?
0
Let y(s) = s**3 - 8*s**2 - 11*s + 11. Suppose -15*g + 25 = -5. Let v(o) = 2*o**2 + 6*o**3 - 14*o**3 + 3*o + o**2 - 1 - g*o. Let t be v(-1). Determine y(t).
-7
Let g = 200 - 188. Suppose -3*i - g = 0, 6*x + i + 24 = x. Let p(l) = l - 2. Determine p(x).
-6
Let f(i) be the third derivative of -i**6/120 - 3*i**5/20 - i**4/3 - 11*i**3/6 + 96*i**2 - 16*i + 16. Let t(k) = -8*k**2 + k - 1. Let p be t(1). Calculate f(p).
-11
Let p(t) = 6*t**3 + t**2 + t - 1. Let k(u) = 498 + 5*u**3 + u**2 - 996 + u + 497. Let v(s) = -4*k(s) + 3*p(s). Give v(1).
-3
Suppose -462*y = -2212 - 98. Let l(m) = -m**2 + 15*m + 1. Calculate l(y).
51
Let a(z) = -z + 2. Suppose -5*f = -2*f + f. Let j be (f - 0)/(-23 - -20). Give a(j).
2
Let c(f) = -2*f**3 + 78*f**2 - 75*f - 34. Suppose -3*y = -j - 109, -36*y + 31*y + 4*j + 170 = 0. Determine c(y).
4
Suppose 0 = 171*i - 167*i - 8. Let p(v) = -19*v**i + 1 - 9 + 4*v - 24*v**2 + 7*v + 42*v**2. Give p(6).
22
Let b(d) = -d**2 + 8*d - 10. Let s(x) = -x**3 + x**2 + 4*x + 1. Suppose 45*c - 38*c + 14 = 0. Let m be s(c). What is b(m)?
5
Let a(q) = 1093150 + 12*q**2 - 1093154 - 2*q**2 - 3*q**2 + 3*q. Give a(1).
6
Let j(v) be the third derivative of v**5/60 + v**4 + 7*v**3 + 3*v**2 + 198*v. Give j(-21).
-21
Let x(s) = -13*s**3 - s**2 - s + 1. Suppose -42*m = -1955 - 145. Suppose 39*q = m*q - 11. Give x(q).
-14
Let n(g) = -16*g - 646 + 333 + 252. Let k be n(-5). Suppose -21 = -20*u + k. Let p(b) = 6*b**2 - b. Determine p(u).
22
Let w(m) = 11*m - 67. Suppose 14*d - 12*d = -2*n + 20, 4*d + 3*n - 36 = 0. Determine w(d).
-1
Let r = -7526 - -7556. Let n(t) = t**2 - 33*t + 91. Determine n(r).
1
Let p(a) = 7*a**2 + 5*a + 4. Let s(x) = -x**3 + 3*x. Let t be s(2). Give p(t).
22
Let q = -1132 - -1106. Let v(n) = n**3 + 25*n**2 - 27*n + 6. Calculate v(q).
32
Let y(d) = -2*d - 39. Let k(w) = 2*w + 32. Let x(c) = 5*k(c) + 4*y(c). Determine x(-10).
-16
Let g(r) = -r**2 - 8*r + 42. Let v(y) = -2*y + 9. Let c(z) = 2*g(z) - 9*v(z). Determine c(-2).
-9
Let v(j) = -37*j. Let o(c) = 189*c - 6. Let u(y) = -o(y) - 5*v(y). Give u(-3).
18
Let m(p) = 6 + 6*p - 4*p - 2*p**2 + 10*p - 30. Determine m(4).
-8
Let u be 4*1 - ((-791)/7 - 3). Let x(g) = -239*g - 1 + 122*g + g**2 + u*g. Calculate x(-3).
-1
Suppose -k = m - 16, -4*m = -15*k + 20*k - 76. Let s(t) = -t**3 + 15*t**2 - 36*t - 3. Calculate s(k).
-3
Let c(s) be the second derivative of 10*s**3/3 - 77*s**2/2 + 5477*s. Determine c(4).
3
Let g = 1 - 1. Let x(h) = 10*h**3 + 4*h**2 - 4*h + 23. Let o(t) = 43*t**3 + 17*t**2 - 17*t + 89. Let j(n) = -3*o(n) + 13*x(n). What is j(g)?
32
Let y(a) be the third derivative of a**8/6720 - a**7/360 + a**6/180 + a**5/20 - 11*a**4/4 + 31*a**2 + 1. Let n(k) be the second derivative of y(k). Give n(6).
-6
Let o be 2/(-2) + (11 - (7 + 2)). Let t be (-8)/(-10) + 12/10. Let u(f) = -4*f**3 - t*f**3 - f - 2*f**3 + f**3. Determine u(o).
-8
Let f(p) = -6*p - 23. Suppose 0 = -5*d + 5*x + 30 + 20, -2*x = 3*d. Give f(d).
-47
Let a(g) = 9*g**2 + 32*g + 31. Let h(x) = 7*x**2 + 27*x + 32. Let l(q) = 4*a(q) - 5*h(q). Give l(-4).
8
Let j(g) be the first derivative of g**4/4 - 5*g**3/3 + g**2 - 5*g + 1448. Give j(6).
43
Let p(u) = -20*u - 91. Let v be (-5 - (-204)/42)*28. Determine p(v).
-11
Let o = -5992 + 5989. Let i(y) = -4*y**3 + 2*y**2 + y + 1. Calculate i(o).
124
Let i(g) = -2*g**2 + g - 1. Let z be i(1). Let j(l) = -l**3 + 3*l**2 - 14*l + 5. Let v(w) = -3*w**2 - w - 1. Let r(q) = z*v(q) + j(q). Determine r(8).
-25
Let a(v) = -v**3 + 37*v**2 + 42*v - 158. Let r be a(38). Let d(f) = 10*f**2 - 9*f**2 - 9*f + 7*f + 7*f. What is d(r)?
6
Let n(x) = x**2 - 4. Let r be n(-3). Let g(j) = 10*j**3 + 2*j**2 - 3*j + 3. Let y be g(1). Let h(o) = -y*o - 10*o - 12*o - 5 + 30*o + 2. What is h(r)?
-23
Let p(k) be the first derivative of -k**3/3 - k**2/2 + 145*k + 2976. Calculate p(-12).
13
Suppose -9*g = -6*g - 12. Let u(a) be the second derivative of 3*a**2 - 2/3*a**3 + 5/12*a**4 - 15*a - 1/20*a**5 + 0. Calculate u(g).
6
Let p = -133 - -126. Let w(l) = 3*l**3 - 19*l**2 - 19*l - 1. Let t(j) = -j**3 + 6*j**2 + 6*j. Let y(f) = p*t(f) - 2*w(f). Calculate y(5).
7
Suppose -2*s + 165 = -4*b + 37, 2*b = 4*s - 58. Let p be ((-2)/(-11) + 39/b)*-3. Let m(v) = 7*v - p*v - v + v. Determine m(-2).
-8
Let g(q) = q**2 - 27 + 9 + 10 + q. Suppose 6*n = 2*n - 128*n + 15*n. Calculate g(n).
-8
Suppose 2 = -3*v - 5*i - 0, -3*i - 36 = -4*v. Suppose -2*b = v - 12. Let d(j) = j - 8. What is d(b)?
-5
Suppose 5*a + 380 = 4*t, 19*t + 4*a = 20*t - 95. Suppose 0 = 20*x + t + 65. Let y(q) = -q - 1. Give y(x).
7
Let s(g) = -g**3 - 6*g**2 - 128*g - 621. Let c be s(-5). Let b(r) = 12*r - 2. Determine b(c).
-74
Let p be (-27)/6 + 5 - 113/(-2). Suppose -7*o + 708 = p. Let d = o + -100. Let x(g) = -g**3 - 8*g**2 - 7*g - 7. Calculate x(d).
-7
Suppose -x + 2*c = 5*c - 54, -5*c - 190 = -5*x. Let t = x - 37. Suppose 0*w - w - 1 = 2*o, 2*w = -t*o - 5. Let v(d) = d**3 + d**2 - 2*d + 1. Determine v(o).
-11
Let u(x) = 2*x**2 + 6*x + 6*x**2 + 12*x - 12*x**2 - 17 + 3*x**2. What is u(17)?
0
Let d(m) be the first derivative of m**3/3 + 9*m**2/2 + 6*m - 171. Let n be (6/(-4))/((-3)/(-18)). Give d(n).
6
Let z(c) be the first derivative of -c**6/120 - 11*c**5/60 - 3*c**4/8 + 13*c**3/6 + c**2 + 5*c - 54. Let r(s) be the second derivative of z(s). Give r(-10).
3
Suppose -4 = -s - t, 13 = 5*s + t + 21. Let i(l) = 7*l**2 - 12. Give i(s).
51
Let r(b) = b. Suppose 44 = -188*d + 186*d + 4*v, d + 5*v + 29 = 0. Determine r(d).
-24
Let c(j) = j**2. Let q(s) = -s**2 + 28*s - 14. Let p(g) = 4*c(g) + q(g). Give p(-10).
6
Let h(d) be 